 - c + 2*c - 3. Let k be j(5). Calculate the greatest common factor of k and r.
16
Suppose -s + 2*s - 18 = 3*x, -4*s + 72 = -3*x. Suppose 0 = 4*w - 9*w - i + s, 4*i = 12. Suppose -n - 6 = -4*n. Calculate the greatest common factor of w and n.
1
Suppose -8*o + 48 = -6*o. Suppose 3*t + 357 = 1005. Calculate the greatest common divisor of t and o.
24
Suppose -2*f + 2*u + 3 + 3 = 0, -3*f = u - 17. Suppose 0 = 3*i + 2*p - 0*p - 52, f*p + 70 = 5*i. What is the greatest common factor of 16 and i?
16
Let u(r) = r**3 - 26*r**2 + 25*r + 3. Let c be u(25). Suppose c*g + g = 120. Suppose 12 = 3*p - 2*p. What is the highest common divisor of p and g?
6
Let h be 460/(-3) - (-2)/6. Let a = 265 + h. Let d(s) = 11*s**2 - 4*s + 1. Let l be d(-1). What is the highest common factor of a and l?
16
Suppose -5*i = 35 + 155. Let h = i + 178. What is the highest common factor of h and 56?
28
Suppose 0 = 3*o - 5*o - 6. Let c be 1*9/o - -12. Let u be -5*((-48)/5 - 3). What is the highest common divisor of u and c?
9
Let f(j) = 161*j**3. Suppose 4*r = 3*r + 1. Let m be f(r). Let k be 69*-1*1/(-3). What is the highest common divisor of m and k?
23
Suppose -i + 217 = -2*q, i = q + 3*q + 439. Let x = -75 - q. Suppose 5*f - 6*f + x = 0. What is the highest common divisor of 4 and f?
4
Suppose -5*i + 109 = -2*c, 5*i + 7*c - 95 = 2*c. Suppose -22*m + i = -19*m. Calculate the greatest common factor of m and 49.
7
Suppose -478*u - 410 = -488*u. What is the highest common divisor of 41 and u?
41
Let r = 2 + -1. Suppose -46*v + 168 = 30. What is the highest common factor of r and v?
1
Suppose -266 = -5*h + 59. What is the highest common factor of 26 and h?
13
Suppose 212 = -x + 317. What is the greatest common divisor of x and 75?
15
Suppose 5*x - x = -f + 75, 0 = f - 3. Let q be 18/22 + (1 - x/22). What is the greatest common divisor of 14 and q?
1
Let u be 89/7 - -2*(-1)/(-7). Let n(f) = -f**3 - 2*f + 1. Let o be n(-2). Calculate the highest common divisor of o and u.
13
Let w(r) = 2*r**2 + 3*r + 6. Let m(y) = 4*y**2 + 6*y + 11. Let b(t) = 4*m(t) - 7*w(t). Let u be b(-4). Calculate the greatest common divisor of u and 110.
22
Let u be ((-24)/32)/((-1)/(-8)). Let c(p) = 2*p**2 + 10*p - 2. Let o be c(u). Calculate the greatest common divisor of 30 and o.
10
Suppose 4*q - 12 = -0*q - 3*o, o = 5*q - 34. Let a be (32 - 0)/(-4 + q). Calculate the highest common divisor of a and 176.
16
Suppose 2*o = -23 - 21. Let n = 32 + o. Let j = -3 + n. What is the greatest common divisor of j and 14?
7
Suppose 33*i - 2037 = -717. What is the greatest common factor of 1240 and i?
40
Let y(a) = 0*a**2 - a**2 + 10*a + 2 - 5*a - 1. Let b be y(4). Let l be ((-24)/b)/(6/(-20)). Calculate the greatest common factor of 32 and l.
16
Let i = -65 + 62. Let r be 3 - 690/(-10)*(-1)/i. What is the greatest common divisor of 182 and r?
26
Suppose -4*g = -3*i - 627, -3*i = -0*g - g + 168. Suppose 15*j + 4*j - 969 = 0. Calculate the highest common divisor of j and g.
51
Let i be (35/(-14))/(2/(-4)). Let o = i + 3. Suppose 5*h - 112 = 248. Calculate the highest common divisor of h and o.
8
Let i = -11 + -5. Let q be 12/i*(-10 + 2). What is the greatest common factor of q and 6?
6
Let b(k) = -3*k - 6. Let x be b(-2). Suppose x = -11*w + 12*w - 13. Calculate the greatest common divisor of w and 104.
13
Let h(x) = -21*x - 2. Let o be h(2). Let r = 99 + o. Let y(k) = k**2 + 3*k - 5. Let f be y(-5). What is the greatest common factor of r and f?
5
Let c be (-189)/28*-4 - 1. What is the greatest common divisor of c and 234?
26
Let n(h) = 3*h**2 + h - 4. Let i be n(3). Let b = -151 - -385. What is the greatest common divisor of b and i?
26
Let b = -380 + 386. What is the highest common factor of b and 678?
6
Let f(b) = -3*b - 2*b + b**3 - 5 - 1 + 6*b**2. Let w be f(-6). Suppose 2*q + 5 = 149. Calculate the highest common factor of w and q.
24
Suppose -5*n = 3*q - 356, -n - 12 + 72 = -5*q. Calculate the greatest common factor of n and 182.
14
Let d(p) = p**3 - 9*p**2 - 9*p. Let z be (1 - -1) + -2 + 10. Let i be d(z). Suppose 0*v = v - i. Calculate the highest common factor of 90 and v.
10
Let z = 2646 + -2637. Calculate the highest common divisor of 5 and z.
1
Let p be 12/(-2)*(0 + (-352)/24). What is the highest common factor of p and 33?
11
Let h be ((-1)/3)/(4/(-72)). Suppose h = 4*j - 18. What is the highest common divisor of 36 and j?
6
Let s(x) = 7*x + 93. Let k be s(-9). Let z be (-52)/(-1 - (2 - 1)). Let w = z - 11. What is the greatest common factor of w and k?
15
Suppose -4*b + 492 = 4*z, 2*b = z - b - 115. Suppose u + 0*u - 11 = 0. Calculate the highest common divisor of z and u.
11
Let u(s) = 4*s**2 + 101*s - 132. Let x be u(-31). Calculate the highest common divisor of x and 35.
7
Let q(g) = 2*g**2 + g - 2. Let i = -10 - -12. Let b be q(i). What is the greatest common divisor of b and 4?
4
Let w be (-312)/(-13) + (-1 - 2). What is the greatest common divisor of w and 24?
3
Suppose 9*b - 5 = 103. Let p(l) = 2*l**2 - 23*l - 12. Let z be p(-8). What is the highest common divisor of b and z?
12
Suppose -1 = -2*z + 335. Let s(a) = 5*a**3 + 1. Let t be s(1). Suppose 68 = 4*o + 4*m, -t*m = -4*o - 3*m + 96. Calculate the greatest common factor of o and z.
21
Suppose -2*c + 23*v - 24*v + 11 = 0, 0 = 3*c - 5*v + 3. Suppose -4*p + 30 = -10. What is the highest common divisor of c and p?
2
Suppose -2*s - 4*n = -64, 2*s - 94 = 6*n - 4*n. What is the greatest common factor of s and 4?
2
Let w(a) = a + 12. Let c be w(-10). Let d be 1 + 16/6 + 1/3. Suppose -y + 110 = c*y - 5*q, -104 = -d*y - 4*q. What is the greatest common divisor of y and 12?
6
Let o = -61 + 112. Suppose o = g - 84. What is the highest common factor of g and 27?
27
Suppose -2*k + 1191 = 489. What is the highest common factor of k and 36?
9
Let c = -317 + 987. What is the greatest common divisor of c and 10?
10
Let t be (45/(-5))/3 - -7. Suppose 0 = -4*u - t*o, -2*o - 14 = -7*u + 2*u. Calculate the highest common divisor of 18 and u.
2
Suppose 284*a = 359*a - 2906 - 1369. Let q = -18 - -56. What is the highest common divisor of q and a?
19
Let n = 1128 - 938. Let x = 35 - 25. Calculate the greatest common factor of x and n.
10
Suppose 587 + 145 = 2*w - 5*c, 0 = -3*w + 4*c + 1098. What is the highest common factor of 6 and w?
6
Let m be (-360)/(-66) - 6/(-11). Calculate the greatest common factor of m and 102.
6
Let y be (-2)/(-9) + 25/9. Suppose -2*n + 0*n = 0. Suppose n = -3*b - 48 + 129. What is the greatest common factor of y and b?
3
Let o be (21 + -2)*(-1 - -2). Let c be (3/6 - -1)*56. Let m = c + -27. What is the greatest common divisor of o and m?
19
Suppose -682 = -15*i + 4*i. Let k = 106 - i. Calculate the highest common factor of k and 33.
11
Let v be -34*(-9 - 63/(-18)). What is the highest common factor of v and 11?
11
Suppose -2*r = -656 - 158. Calculate the highest common divisor of r and 33.
11
Suppose 4*x = 148 - 120. Calculate the greatest common divisor of x and 203.
7
Let r be (-1)/(-5)*(8 + (19 - -13)). Calculate the greatest common factor of 576 and r.
8
Suppose 2300 + 3307 = 7*u. Calculate the highest common factor of 9 and u.
9
Let b be (10 - 4)*-1 + 14. Calculate the highest common divisor of 4 and b.
4
Suppose 37*z = 35*z - 3068. Let j be 36/(-15) + 2 - z/10. What is the highest common divisor of 17 and j?
17
Let p(x) = -57*x - 380. Let y be p(-7). Calculate the highest common factor of y and 589.
19
Suppose -7*g + 50 = -2*g. Suppose 4*h + 3*i - 4 = g, 3*h - 14 = -4*i. Suppose 4*j - 2*u = 12, j = -3*u + h*u. What is the greatest common divisor of 22 and j?
2
Let g(w) = w + 5. Let s be g(-2). Suppose -j = -s*j - 728. Let n be (j/(-35))/((-4)/(-10)). What is the highest common factor of n and 39?
13
Suppose -2*b = -0*b. Suppose -4*j - 144 = -7*j. Suppose 2*l + b*l = j. What is the highest common factor of 60 and l?
12
Suppose u + 28 = 31. Suppose u*h = -h - 4, -2*h = -f + 12. What is the greatest common divisor of 20 and f?
10
Let w be ((-1400)/21)/(14/(-63)). What is the highest common divisor of w and 120?
60
Suppose -2*n = 4*n - 1242. Suppose -5*r - 40 + 155 = 0. Calculate the greatest common factor of n and r.
23
Suppose 2*z - 524 = -5*i, 2*i - 5*i = -3*z - 306. Let m be -1*(5 + (-3)/(-3)). Let u be (-711)/(-27) - (-2)/m. Wha